{"id":2160,"date":"2025-07-22T14:10:03","date_gmt":"2025-07-22T17:10:03","guid":{"rendered":"https:\/\/senalbamg.org.br\/?page_id=2160"},"modified":"2025-11-05T15:27:28","modified_gmt":"2025-11-05T18:27:28","slug":"convencoes","status":"publish","type":"page","link":"https:\/\/senalbamg.org.br\/index.php\/acordos-e-convencoes\/convencoes\/","title":{"rendered":"Conven\u00e7\u00f5es"},"content":{"rendered":"\n<script>var fontfamily=`Montserrat`; var url2 = 'https:\/\/fonts.googleapis.com\/css2?family='+fontfamily+':wght@100;200;300;400;500;600;700;800;900&amp;display=swap'; var link2 = document.createElement('link'); link2.href = url2; link2.rel = \"stylesheet\"; link2.type =  \"text\/css\"; document.head.appendChild(link2); var fontfamily2=`Montserrat`; var fontfamilyurl2 = 'https:\/\/fonts.googleapis.com\/css2?family='+fontfamily2+':wght@100;200;300;400;500;600;700;800;900&amp;display=swap'; var fontfamilylink2 = document.createElement('link'); fontfamilylink2.href = fontfamilyurl2; fontfamilylink2.rel = \"stylesheet\"; fontfamilylink2.type =  \"text\/css\"; document.head.appendChild(fontfamilylink2); var fontfamily3=`Montserrat`; var fontfamilyurl3 = 'https:\/\/fonts.googleapis.com\/css2?family='+fontfamily3+':wght@100;200;300;400;500;600;700;800;900&amp;display=swap'; var fontfamilylink3 = document.createElement('link'); fontfamilylink3.href = fontfamilyurl3; fontfamilylink3.rel = \"stylesheet\"; fontfamilylink3.type =  \"text\/css\"; document.head.appendChild(fontfamilylink3); var fontfamily4=`Montserrat`; var fontfamilyurl4 = 'https:\/\/fonts.googleapis.com\/css2?family='+fontfamily4+':wght@100;200;300;400;500;600;700;800;900&amp;display=swap'; var fontfamilylink4 = document.createElement('link'); fontfamilylink4.href = fontfamilyurl4; fontfamilylink4.rel = \"stylesheet\"; fontfamilylink4.type =  \"text\/css\"; document.head.appendChild(fontfamilylink4);<\/script><style>#spice_blocks_plus_plus_id_ab653569{\n                    padding: 50px 0 50px 0;\n                    animation-delay: undefinedms;\n                 }\n                 #spice_blocks_plus_plus_id_ab653569 .timeline-content .block-row .block-col-6 .info-box\n                 {\n                    background:#ffffff;\n                    padding: 4px 10px 14px 0;\n                    box-shadow: 0px 0px 20px #dedede;\n                 }\n                 #spice_blocks_plus_plus_id_ab653569 .timeline-content .block-row .block-col-6 .info-box .year\n                 {\n                    background:#cf2e2e;\n                    color:#ffffff;\n                    font-family:Montserrat;\n                    font-size: 36px;\n                    font-weight: 500;\n                    line-height: 42px;\n                    text-transform:undefined;\n                    text-decoration:undefined;\n                    letter-spacing:undefinedpx;\n                    padding:29px 28px 29px 28px;\n                 }\n                 #spice_blocks_plus_plus_id_ab653569 .timeline-content .block-row .block-col-6 .info-box h3\n                 {\n                    color:#333333;\n                    font-family:Montserrat;\n                    font-size: 20px;\n                    font-weight: 800;\n                    line-height: 30px;\n                    text-transform:undefined;\n                    text-decoration:undefined;\n                    letter-spacing:undefinedpx;\n                    padding:0 0 0 0;\n                 }\n                 #spice_blocks_plus_plus_id_ab653569 .timeline-content .block-row .block-col-6 .info-box p\n                 {\n                    color:#777777;\n                    font-family:Montserrat;\n                    font-size: 16px;\n                    font-weight: 400;\n                    line-height: 20px;\n                    text-transform:undefined;\n                    text-decoration:undefined;\n                    letter-spacing:undefinedpx;\n                    padding:0 0 0 0;\n                 }\n                 #spice_blocks_plus_plus_id_ab653569 .timeline-content .block-row .block-col-6 .timeline-time\n                 {\n                    color:#000;\n                    font-family:Montserrat;\n                    font-size: 18px;\n                    font-weight: 700;\n                    line-height: 28px;\n                    text-transform:undefined;\n                    text-decoration:undefined;\n                    letter-spacing:undefinedpx;\n                    padding:0 10px 0 10px;\n                 }\n                #spice_blocks_plus_plus_id_ab653569 .timeline .timeline-content::before{\n                        border: 5px solid #7cc048;\n                        border-top:null;\n                        border-right:null;\n                        border-bottom:null;\n                        border-left:null;\n                        width:24px;\n                        height:24px;\n                        background: #ffffff;\n                        box-sizing: unset;\n                    }\n#spice_blocks_plus_plus_id_ab653569 .timeline-block-1 .block-container .timeline::before{\n                        border: 1px solid #f7f6f6;\n                        border-top:null;\n                        border-right:null;\n                        border-bottom:null;\n                        border-left:null;\n                    }\n                    undefined<\/style><div class=\"timeline-block animated undefined     undefined\" id=\"spice_blocks_plus_plus_id_ab653569\"><div class=\"timeline-block-1 undefined\" id=\"undefined\"><div class=\"block-container\"><div class=\"timeline\"><div class=\"timeline-content true\"><div class=\"block-row\"><div class=\"block-col-6\"><div class=\"info-box\"><div class=\"year\">2025<\/div><div class=\"info\"><h3><a href=\"https:\/\/senalbamg.org.br\/index.php\/acordos-e-convencoes\/convencoes3\/2025-2\/\" target=\"_blank\" rel=\"noreferrer noopener\">Clique aqui<\/a><\/h3><p>E conhe\u00e7a as Conven\u00e7\u00f5es firmadas em 2025.<\/p><\/div><\/div><\/div><div class=\"block-col-6\"><div class=\"time\"><div class=\"timeline-time\">Acesse as conven\u00e7\u00f5es firmadas em 2025<\/div><\/div><\/div><\/div><\/div><div class=\"timeline-content true\"><div class=\"block-row\"><div class=\"block-col-6\"><div class=\"time\"><div class=\"timeline-time\">Acesse as conven\u00e7\u00f5es firmadas em 2024<\/div><\/div><\/div><div class=\"block-col-6\"><div class=\"info-box\"><div class=\"year\">2024<\/div><div class=\"info\"><h3><a href=\"https:\/\/senalbamg.org.br\/index.php\/acordos-e-convencoes\/convencoes\/2024-ccts\/\">Clique aqui<\/a><\/h3><p>E conhe\u00e7a as Conven\u00e7\u00f5es firmadas em 2024<\/p><\/div><\/div><\/div><\/div><\/div><div class=\"timeline-content true\"><div class=\"block-row\"><div class=\"block-col-6\"><div class=\"info-box\"><div class=\"year\">2023<\/div><div class=\"info\"><h3><a href=\"https:\/\/senalbamg.org.br\/index.php\/acordos-e-convencoes\/convencoes\/2023-ccts\/\">Clique aqui<\/a><\/h3><p>E conhe\u00e7a as Conven\u00e7\u00f5es firmadas em 2023.<\/p><\/div><\/div><\/div><div class=\"block-col-6\"><div class=\"time\"><div class=\"timeline-time\">Acesse as conven\u00e7\u00f5es firmadas em 2023<\/div><\/div><\/div><\/div><\/div><div class=\"timeline-content true\"><div class=\"block-row\"><div class=\"block-col-6\"><div class=\"time\"><div class=\"timeline-time\">Acesse as conven\u00e7\u00f5es firmadas em 2022<\/div><\/div><\/div><div class=\"block-col-6\"><div class=\"info-box\"><div class=\"year\">2022<\/div><div class=\"info\"><h3><a href=\"https:\/\/senalbamg.org.br\/index.php\/acordos-e-convencoes\/convencoes\/2022-ccts\/\">Clique Aqui<\/a><\/h3><p>E conhe\u00e7a as Conven\u00e7\u00f5es firmadas em 2022.<\/p><\/div><\/div><\/div><\/div><\/div><div class=\"timeline-content true\"><div class=\"block-row\"><div class=\"block-col-6\"><div class=\"info-box\"><div class=\"year\">2021<\/div><div class=\"info\"><h3><a href=\"https:\/\/senalbamg.org.br\/index.php\/acordos-e-convencoes\/convencoes\/2021-ccts\/\">Clique aqui<\/a><\/h3><p>E conhe\u00e7a as Conven\u00e7\u00f5es firmadas em 2021.<\/p><\/div><\/div><\/div><div class=\"block-col-6\"><div class=\"time\"><div class=\"timeline-time\">Acesse as conven\u00e7\u00f5es firmadas em 2021<\/div><\/div><\/div><\/div><\/div><div class=\"timeline-content true\"><div class=\"block-row\"><div class=\"block-col-6\"><div class=\"time\"><div class=\"timeline-time\">Acesse as conven\u00e7\u00f5es firmadas em 2020<\/div><\/div><\/div><div class=\"block-col-6\"><div class=\"info-box\"><div class=\"year\">2020<\/div><div class=\"info\"><h3><a href=\"https:\/\/senalbamg.org.br\/index.php\/acordos-e-convencoes\/convencoes\/2020-ccts\/\">Clique aqui<\/a><\/h3><p>E conhe\u00e7a as Conven\u00e7\u00f5es firmadas em 2020<\/p><\/div><\/div><\/div><\/div><\/div><\/div><\/div><\/div><\/div>\n","protected":false},"excerpt":{"rendered":"","protected":false},"author":6,"featured_media":0,"parent":2258,"menu_order":0,"comment_status":"closed","ping_status":"closed","template":"full-width-page.php","meta":{"footnotes":""},"class_list":["post-2160","page","type-page","status-publish","hentry"],"yoast_head":"<!-- This site is optimized with the Yoast SEO plugin v25.1 - https:\/\/yoast.com\/wordpress\/plugins\/seo\/ -->\n<title>Conven\u00e7\u00f5es - SENALBAMG<\/title>\n<meta name=\"robots\" content=\"index, follow, max-snippet:-1, max-image-preview:large, max-video-preview:-1\" \/>\n<link rel=\"canonical\" href=\"https:\/\/senalbamg.org.br\/index.php\/acordos-e-convencoes\/convencoes\/\" \/>\n<meta property=\"og:locale\" content=\"pt_PT\" \/>\n<meta property=\"og:type\" content=\"article\" \/>\n<meta property=\"og:title\" content=\"Conven\u00e7\u00f5es - SENALBAMG\" \/>\n<meta property=\"og:url\" content=\"https:\/\/senalbamg.org.br\/index.php\/acordos-e-convencoes\/convencoes\/\" \/>\n<meta property=\"og:site_name\" content=\"SENALBAMG\" \/>\n<meta property=\"article:modified_time\" content=\"2025-11-05T18:27:28+00:00\" \/>\n<meta name=\"twitter:card\" content=\"summary_large_image\" \/>\n<meta name=\"twitter:label1\" content=\"Tempo estimado de leitura\" \/>\n\t<meta name=\"twitter:data1\" content=\"1 minuto\" \/>\n<script type=\"application\/ld+json\" class=\"yoast-schema-graph\">{\"@context\":\"https:\/\/schema.org\",\"@graph\":[{\"@type\":\"WebPage\",\"@id\":\"https:\/\/senalbamg.org.br\/index.php\/acordos-e-convencoes\/convencoes\/\",\"url\":\"https:\/\/senalbamg.org.br\/index.php\/acordos-e-convencoes\/convencoes\/\",\"name\":\"Conven\u00e7\u00f5es - SENALBAMG\",\"isPartOf\":{\"@id\":\"https:\/\/senalbamg.org.br\/#website\"},\"datePublished\":\"2025-07-22T17:10:03+00:00\",\"dateModified\":\"2025-11-05T18:27:28+00:00\",\"breadcrumb\":{\"@id\":\"https:\/\/senalbamg.org.br\/index.php\/acordos-e-convencoes\/convencoes\/#breadcrumb\"},\"inLanguage\":\"pt-PT\",\"potentialAction\":[{\"@type\":\"ReadAction\",\"target\":[\"https:\/\/senalbamg.org.br\/index.php\/acordos-e-convencoes\/convencoes\/\"]}]},{\"@type\":\"BreadcrumbList\",\"@id\":\"https:\/\/senalbamg.org.br\/index.php\/acordos-e-convencoes\/convencoes\/#breadcrumb\",\"itemListElement\":[{\"@type\":\"ListItem\",\"position\":1,\"name\":\"In\u00edcio\",\"item\":\"https:\/\/senalbamg.org.br\/\"},{\"@type\":\"ListItem\",\"position\":2,\"name\":\"Acordos e Conven\u00e7\u00f5es\",\"item\":\"https:\/\/senalbamg.org.br\/index.php\/acordos-e-convencoes\/\"},{\"@type\":\"ListItem\",\"position\":3,\"name\":\"Conven\u00e7\u00f5es\"}]},{\"@type\":\"WebSite\",\"@id\":\"https:\/\/senalbamg.org.br\/#website\",\"url\":\"https:\/\/senalbamg.org.br\/\",\"name\":\"SENALBAMG\",\"description\":\"Fortale\u00e7a seu sindicato!\",\"publisher\":{\"@id\":\"https:\/\/senalbamg.org.br\/#organization\"},\"potentialAction\":[{\"@type\":\"SearchAction\",\"target\":{\"@type\":\"EntryPoint\",\"urlTemplate\":\"https:\/\/senalbamg.org.br\/?s={search_term_string}\"},\"query-input\":{\"@type\":\"PropertyValueSpecification\",\"valueRequired\":true,\"valueName\":\"search_term_string\"}}],\"inLanguage\":\"pt-PT\"},{\"@type\":\"Organization\",\"@id\":\"https:\/\/senalbamg.org.br\/#organization\",\"name\":\"SENALBAMG\",\"url\":\"https:\/\/senalbamg.org.br\/\",\"logo\":{\"@type\":\"ImageObject\",\"inLanguage\":\"pt-PT\",\"@id\":\"https:\/\/senalbamg.org.br\/#\/schema\/logo\/image\/\",\"url\":\"https:\/\/senalbamg.org.br\/wp-content\/uploads\/2025\/05\/Black-White-Letter-MD-Logo-Instagram-Post-Copia-1.jpg\",\"contentUrl\":\"https:\/\/senalbamg.org.br\/wp-content\/uploads\/2025\/05\/Black-White-Letter-MD-Logo-Instagram-Post-Copia-1.jpg\",\"width\":1080,\"height\":504,\"caption\":\"SENALBAMG\"},\"image\":{\"@id\":\"https:\/\/senalbamg.org.br\/#\/schema\/logo\/image\/\"}}]}<\/script>\n<!-- \/ Yoast SEO plugin. -->","yoast_head_json":{"title":"Conven\u00e7\u00f5es - SENALBAMG","robots":{"index":"index","follow":"follow","max-snippet":"max-snippet:-1","max-image-preview":"max-image-preview:large","max-video-preview":"max-video-preview:-1"},"canonical":"https:\/\/senalbamg.org.br\/index.php\/acordos-e-convencoes\/convencoes\/","og_locale":"pt_PT","og_type":"article","og_title":"Conven\u00e7\u00f5es - SENALBAMG","og_url":"https:\/\/senalbamg.org.br\/index.php\/acordos-e-convencoes\/convencoes\/","og_site_name":"SENALBAMG","article_modified_time":"2025-11-05T18:27:28+00:00","twitter_card":"summary_large_image","twitter_misc":{"Tempo estimado de leitura":"1 minuto"},"schema":{"@context":"https:\/\/schema.org","@graph":[{"@type":"WebPage","@id":"https:\/\/senalbamg.org.br\/index.php\/acordos-e-convencoes\/convencoes\/","url":"https:\/\/senalbamg.org.br\/index.php\/acordos-e-convencoes\/convencoes\/","name":"Conven\u00e7\u00f5es - SENALBAMG","isPartOf":{"@id":"https:\/\/senalbamg.org.br\/#website"},"datePublished":"2025-07-22T17:10:03+00:00","dateModified":"2025-11-05T18:27:28+00:00","breadcrumb":{"@id":"https:\/\/senalbamg.org.br\/index.php\/acordos-e-convencoes\/convencoes\/#breadcrumb"},"inLanguage":"pt-PT","potentialAction":[{"@type":"ReadAction","target":["https:\/\/senalbamg.org.br\/index.php\/acordos-e-convencoes\/convencoes\/"]}]},{"@type":"BreadcrumbList","@id":"https:\/\/senalbamg.org.br\/index.php\/acordos-e-convencoes\/convencoes\/#breadcrumb","itemListElement":[{"@type":"ListItem","position":1,"name":"In\u00edcio","item":"https:\/\/senalbamg.org.br\/"},{"@type":"ListItem","position":2,"name":"Acordos e Conven\u00e7\u00f5es","item":"https:\/\/senalbamg.org.br\/index.php\/acordos-e-convencoes\/"},{"@type":"ListItem","position":3,"name":"Conven\u00e7\u00f5es"}]},{"@type":"WebSite","@id":"https:\/\/senalbamg.org.br\/#website","url":"https:\/\/senalbamg.org.br\/","name":"SENALBAMG","description":"Fortale\u00e7a seu sindicato!","publisher":{"@id":"https:\/\/senalbamg.org.br\/#organization"},"potentialAction":[{"@type":"SearchAction","target":{"@type":"EntryPoint","urlTemplate":"https:\/\/senalbamg.org.br\/?s={search_term_string}"},"query-input":{"@type":"PropertyValueSpecification","valueRequired":true,"valueName":"search_term_string"}}],"inLanguage":"pt-PT"},{"@type":"Organization","@id":"https:\/\/senalbamg.org.br\/#organization","name":"SENALBAMG","url":"https:\/\/senalbamg.org.br\/","logo":{"@type":"ImageObject","inLanguage":"pt-PT","@id":"https:\/\/senalbamg.org.br\/#\/schema\/logo\/image\/","url":"https:\/\/senalbamg.org.br\/wp-content\/uploads\/2025\/05\/Black-White-Letter-MD-Logo-Instagram-Post-Copia-1.jpg","contentUrl":"https:\/\/senalbamg.org.br\/wp-content\/uploads\/2025\/05\/Black-White-Letter-MD-Logo-Instagram-Post-Copia-1.jpg","width":1080,"height":504,"caption":"SENALBAMG"},"image":{"@id":"https:\/\/senalbamg.org.br\/#\/schema\/logo\/image\/"}}]}},"_links":{"self":[{"href":"https:\/\/senalbamg.org.br\/index.php\/wp-json\/wp\/v2\/pages\/2160","targetHints":{"allow":["GET"]}}],"collection":[{"href":"https:\/\/senalbamg.org.br\/index.php\/wp-json\/wp\/v2\/pages"}],"about":[{"href":"https:\/\/senalbamg.org.br\/index.php\/wp-json\/wp\/v2\/types\/page"}],"author":[{"embeddable":true,"href":"https:\/\/senalbamg.org.br\/index.php\/wp-json\/wp\/v2\/users\/6"}],"replies":[{"embeddable":true,"href":"https:\/\/senalbamg.org.br\/index.php\/wp-json\/wp\/v2\/comments?post=2160"}],"version-history":[{"count":13,"href":"https:\/\/senalbamg.org.br\/index.php\/wp-json\/wp\/v2\/pages\/2160\/revisions"}],"predecessor-version":[{"id":2551,"href":"https:\/\/senalbamg.org.br\/index.php\/wp-json\/wp\/v2\/pages\/2160\/revisions\/2551"}],"up":[{"embeddable":true,"href":"https:\/\/senalbamg.org.br\/index.php\/wp-json\/wp\/v2\/pages\/2258"}],"wp:attachment":[{"href":"https:\/\/senalbamg.org.br\/index.php\/wp-json\/wp\/v2\/media?parent=2160"}],"curies":[{"name":"wp","href":"https:\/\/api.w.org\/{rel}","templated":true}]}}