{"id":2088,"date":"2025-06-27T10:45:33","date_gmt":"2025-06-27T13:45:33","guid":{"rendered":"https:\/\/senalbamg.org.br\/?page_id=2088"},"modified":"2025-06-27T10:45:37","modified_gmt":"2025-06-27T13:45:37","slug":"laboratorio-lapecco","status":"publish","type":"page","link":"https:\/\/senalbamg.org.br\/index.php\/convenios-2\/laboratorio-lapecco\/","title":{"rendered":"Laborat\u00f3rio Lapecco"},"content":{"rendered":"\n<h3 class=\"wp-block-heading\"><strong>Desconto Exclusivo para Associados SENALBA MG no Laborat\u00f3rio LAPECCO<\/strong><\/h3>\n\n\n\n<p><strong>Exclusivo para associados do SENALBA MG<\/strong>: aproveite <strong>30% de desconto em todos os exames<\/strong> realizados no Laborat\u00f3rio LAPECCO!<\/p>\n\n\n\n<p>A LAPECCO \u00e9 uma refer\u00eancia em qualidade e confian\u00e7a em exames laboratoriais, com uma equipe especializada e infraestrutura moderna para garantir resultados precisos e r\u00e1pidos.<\/p>\n\n\n\n<p><strong>Para obter seu desconto exclusivo:<\/strong><\/p>\n\n\n\n<ol class=\"wp-block-list\">\n<li>Acesse o <a class=\"\" href=\"https:\/\/nucleolapecco.com.br\/\">site do LAPECCO<\/a>.<\/li>\n\n\n\n<li>Entre em contato pelo WhatsApp: <a>Clique aqui para conversar pelo WhatsApp<\/a>.<\/li>\n\n\n\n<li>Agende seus exames com 30% de desconto, apresentando sua associa\u00e7\u00e3o ao SENALBA MG.<\/li>\n<\/ol>\n\n\n\n<p>N\u00e3o perca essa oportunidade de cuidar da sua sa\u00fade com qualidade e economia!<\/p>\n","protected":false},"excerpt":{"rendered":"<p>Desconto Exclusivo para Associados SENALBA MG no Laborat\u00f3rio LAPECCO Exclusivo para associados do SENALBA MG:<\/p>\n","protected":false},"author":6,"featured_media":0,"parent":2008,"menu_order":0,"comment_status":"closed","ping_status":"closed","template":"","meta":{"footnotes":""},"class_list":["post-2088","page","type-page","status-publish","hentry"],"yoast_head":"<!-- This site is optimized with the Yoast SEO plugin v25.1 - https:\/\/yoast.com\/wordpress\/plugins\/seo\/ -->\n<title>Laborat\u00f3rio Lapecco - SENALBAMG<\/title>\n<meta name=\"robots\" content=\"index, follow, max-snippet:-1, max-image-preview:large, max-video-preview:-1\" \/>\n<link rel=\"canonical\" href=\"https:\/\/senalbamg.org.br\/index.php\/convenios-2\/laboratorio-lapecco\/\" \/>\n<meta property=\"og:locale\" content=\"pt_PT\" \/>\n<meta property=\"og:type\" content=\"article\" \/>\n<meta property=\"og:title\" content=\"Laborat\u00f3rio Lapecco - SENALBAMG\" \/>\n<meta property=\"og:description\" content=\"Desconto Exclusivo para Associados SENALBA MG no Laborat\u00f3rio LAPECCO Exclusivo para associados do SENALBA MG:\" \/>\n<meta property=\"og:url\" content=\"https:\/\/senalbamg.org.br\/index.php\/convenios-2\/laboratorio-lapecco\/\" \/>\n<meta property=\"og:site_name\" content=\"SENALBAMG\" \/>\n<meta property=\"article:modified_time\" content=\"2025-06-27T13:45:37+00:00\" \/>\n<meta name=\"twitter:card\" content=\"summary_large_image\" \/>\n<meta name=\"twitter:label1\" content=\"Tempo estimado de leitura\" \/>\n\t<meta name=\"twitter:data1\" content=\"1 minuto\" \/>\n<script type=\"application\/ld+json\" class=\"yoast-schema-graph\">{\"@context\":\"https:\/\/schema.org\",\"@graph\":[{\"@type\":\"WebPage\",\"@id\":\"https:\/\/senalbamg.org.br\/index.php\/convenios-2\/laboratorio-lapecco\/\",\"url\":\"https:\/\/senalbamg.org.br\/index.php\/convenios-2\/laboratorio-lapecco\/\",\"name\":\"Laborat\u00f3rio Lapecco - SENALBAMG\",\"isPartOf\":{\"@id\":\"https:\/\/senalbamg.org.br\/#website\"},\"datePublished\":\"2025-06-27T13:45:33+00:00\",\"dateModified\":\"2025-06-27T13:45:37+00:00\",\"breadcrumb\":{\"@id\":\"https:\/\/senalbamg.org.br\/index.php\/convenios-2\/laboratorio-lapecco\/#breadcrumb\"},\"inLanguage\":\"pt-PT\",\"potentialAction\":[{\"@type\":\"ReadAction\",\"target\":[\"https:\/\/senalbamg.org.br\/index.php\/convenios-2\/laboratorio-lapecco\/\"]}]},{\"@type\":\"BreadcrumbList\",\"@id\":\"https:\/\/senalbamg.org.br\/index.php\/convenios-2\/laboratorio-lapecco\/#breadcrumb\",\"itemListElement\":[{\"@type\":\"ListItem\",\"position\":1,\"name\":\"In\u00edcio\",\"item\":\"https:\/\/senalbamg.org.br\/\"},{\"@type\":\"ListItem\",\"position\":2,\"name\":\"Conv\u00eanios\",\"item\":\"https:\/\/senalbamg.org.br\/index.php\/convenios-2\/\"},{\"@type\":\"ListItem\",\"position\":3,\"name\":\"Laborat\u00f3rio Lapecco\"}]},{\"@type\":\"WebSite\",\"@id\":\"https:\/\/senalbamg.org.br\/#website\",\"url\":\"https:\/\/senalbamg.org.br\/\",\"name\":\"SENALBAMG\",\"description\":\"Fortale\u00e7a seu sindicato!\",\"publisher\":{\"@id\":\"https:\/\/senalbamg.org.br\/#organization\"},\"potentialAction\":[{\"@type\":\"SearchAction\",\"target\":{\"@type\":\"EntryPoint\",\"urlTemplate\":\"https:\/\/senalbamg.org.br\/?s={search_term_string}\"},\"query-input\":{\"@type\":\"PropertyValueSpecification\",\"valueRequired\":true,\"valueName\":\"search_term_string\"}}],\"inLanguage\":\"pt-PT\"},{\"@type\":\"Organization\",\"@id\":\"https:\/\/senalbamg.org.br\/#organization\",\"name\":\"SENALBAMG\",\"url\":\"https:\/\/senalbamg.org.br\/\",\"logo\":{\"@type\":\"ImageObject\",\"inLanguage\":\"pt-PT\",\"@id\":\"https:\/\/senalbamg.org.br\/#\/schema\/logo\/image\/\",\"url\":\"https:\/\/senalbamg.org.br\/wp-content\/uploads\/2025\/05\/Black-White-Letter-MD-Logo-Instagram-Post-Copia-1.jpg\",\"contentUrl\":\"https:\/\/senalbamg.org.br\/wp-content\/uploads\/2025\/05\/Black-White-Letter-MD-Logo-Instagram-Post-Copia-1.jpg\",\"width\":1080,\"height\":504,\"caption\":\"SENALBAMG\"},\"image\":{\"@id\":\"https:\/\/senalbamg.org.br\/#\/schema\/logo\/image\/\"}}]}<\/script>\n<!-- \/ Yoast SEO plugin. -->","yoast_head_json":{"title":"Laborat\u00f3rio Lapecco - SENALBAMG","robots":{"index":"index","follow":"follow","max-snippet":"max-snippet:-1","max-image-preview":"max-image-preview:large","max-video-preview":"max-video-preview:-1"},"canonical":"https:\/\/senalbamg.org.br\/index.php\/convenios-2\/laboratorio-lapecco\/","og_locale":"pt_PT","og_type":"article","og_title":"Laborat\u00f3rio Lapecco - SENALBAMG","og_description":"Desconto Exclusivo para Associados SENALBA MG no Laborat\u00f3rio LAPECCO Exclusivo para associados do SENALBA MG:","og_url":"https:\/\/senalbamg.org.br\/index.php\/convenios-2\/laboratorio-lapecco\/","og_site_name":"SENALBAMG","article_modified_time":"2025-06-27T13:45:37+00:00","twitter_card":"summary_large_image","twitter_misc":{"Tempo estimado de leitura":"1 minuto"},"schema":{"@context":"https:\/\/schema.org","@graph":[{"@type":"WebPage","@id":"https:\/\/senalbamg.org.br\/index.php\/convenios-2\/laboratorio-lapecco\/","url":"https:\/\/senalbamg.org.br\/index.php\/convenios-2\/laboratorio-lapecco\/","name":"Laborat\u00f3rio Lapecco - SENALBAMG","isPartOf":{"@id":"https:\/\/senalbamg.org.br\/#website"},"datePublished":"2025-06-27T13:45:33+00:00","dateModified":"2025-06-27T13:45:37+00:00","breadcrumb":{"@id":"https:\/\/senalbamg.org.br\/index.php\/convenios-2\/laboratorio-lapecco\/#breadcrumb"},"inLanguage":"pt-PT","potentialAction":[{"@type":"ReadAction","target":["https:\/\/senalbamg.org.br\/index.php\/convenios-2\/laboratorio-lapecco\/"]}]},{"@type":"BreadcrumbList","@id":"https:\/\/senalbamg.org.br\/index.php\/convenios-2\/laboratorio-lapecco\/#breadcrumb","itemListElement":[{"@type":"ListItem","position":1,"name":"In\u00edcio","item":"https:\/\/senalbamg.org.br\/"},{"@type":"ListItem","position":2,"name":"Conv\u00eanios","item":"https:\/\/senalbamg.org.br\/index.php\/convenios-2\/"},{"@type":"ListItem","position":3,"name":"Laborat\u00f3rio Lapecco"}]},{"@type":"WebSite","@id":"https:\/\/senalbamg.org.br\/#website","url":"https:\/\/senalbamg.org.br\/","name":"SENALBAMG","description":"Fortale\u00e7a seu sindicato!","publisher":{"@id":"https:\/\/senalbamg.org.br\/#organization"},"potentialAction":[{"@type":"SearchAction","target":{"@type":"EntryPoint","urlTemplate":"https:\/\/senalbamg.org.br\/?s={search_term_string}"},"query-input":{"@type":"PropertyValueSpecification","valueRequired":true,"valueName":"search_term_string"}}],"inLanguage":"pt-PT"},{"@type":"Organization","@id":"https:\/\/senalbamg.org.br\/#organization","name":"SENALBAMG","url":"https:\/\/senalbamg.org.br\/","logo":{"@type":"ImageObject","inLanguage":"pt-PT","@id":"https:\/\/senalbamg.org.br\/#\/schema\/logo\/image\/","url":"https:\/\/senalbamg.org.br\/wp-content\/uploads\/2025\/05\/Black-White-Letter-MD-Logo-Instagram-Post-Copia-1.jpg","contentUrl":"https:\/\/senalbamg.org.br\/wp-content\/uploads\/2025\/05\/Black-White-Letter-MD-Logo-Instagram-Post-Copia-1.jpg","width":1080,"height":504,"caption":"SENALBAMG"},"image":{"@id":"https:\/\/senalbamg.org.br\/#\/schema\/logo\/image\/"}}]}},"_links":{"self":[{"href":"https:\/\/senalbamg.org.br\/index.php\/wp-json\/wp\/v2\/pages\/2088","targetHints":{"allow":["GET"]}}],"collection":[{"href":"https:\/\/senalbamg.org.br\/index.php\/wp-json\/wp\/v2\/pages"}],"about":[{"href":"https:\/\/senalbamg.org.br\/index.php\/wp-json\/wp\/v2\/types\/page"}],"author":[{"embeddable":true,"href":"https:\/\/senalbamg.org.br\/index.php\/wp-json\/wp\/v2\/users\/6"}],"replies":[{"embeddable":true,"href":"https:\/\/senalbamg.org.br\/index.php\/wp-json\/wp\/v2\/comments?post=2088"}],"version-history":[{"count":1,"href":"https:\/\/senalbamg.org.br\/index.php\/wp-json\/wp\/v2\/pages\/2088\/revisions"}],"predecessor-version":[{"id":2089,"href":"https:\/\/senalbamg.org.br\/index.php\/wp-json\/wp\/v2\/pages\/2088\/revisions\/2089"}],"up":[{"embeddable":true,"href":"https:\/\/senalbamg.org.br\/index.php\/wp-json\/wp\/v2\/pages\/2008"}],"wp:attachment":[{"href":"https:\/\/senalbamg.org.br\/index.php\/wp-json\/wp\/v2\/media?parent=2088"}],"curies":[{"name":"wp","href":"https:\/\/api.w.org\/{rel}","templated":true}]}}