{"id":2082,"date":"2025-06-26T15:14:39","date_gmt":"2025-06-26T18:14:39","guid":{"rendered":"https:\/\/senalbamg.org.br\/?page_id=2082"},"modified":"2025-06-27T10:48:22","modified_gmt":"2025-06-27T13:48:22","slug":"unicesumar","status":"publish","type":"page","link":"https:\/\/senalbamg.org.br\/index.php\/convenios-2\/unicesumar\/","title":{"rendered":"Unicesumar"},"content":{"rendered":"\n<p>Descontos exclusivos na Unicesumar para Hibrido e online.<\/p>\n\n\n\n<h3 class=\"wp-block-heading\">Gradua\u00e7\u00e3o:<\/h3>\n\n\n\n<p>Descubra seu desconto exclusivo na gradua\u00e7\u00e3o da UniCesumar! Entre em contato pelo WhatsApp e aproveite condi\u00e7\u00f5es especiais para come\u00e7ar sua jornada acad\u00eamica com benef\u00edcios \u00fanicos.<\/p>\n\n\n\n<div class=\"wp-block-buttons is-layout-flex wp-block-buttons-is-layout-flex\">\n<div class=\"wp-block-button is-style-fill\"><a class=\"wp-block-button__link has-vivid-red-background-color has-background wp-element-button\" href=\"https:\/\/wa.me\/553194246356\">Entre em contato<\/a><\/div>\n<\/div>\n\n\n\n<h3 class=\"wp-block-heading\">P\u00f3s-gradua\u00e7\u00e3o:<\/h3>\n\n\n\n<p>Voc\u00ea sabia que pode se especializar com 20% de desconto adicional sobre a campanha vigente nos cursos de p\u00f3s-gradua\u00e7\u00e3o EAD na \u00e1rea de Neg\u00f3cios da UniCesumar? Al\u00e9m disso, na compra da sua p\u00f3s, ganhe uma trilha estrat\u00e9gica de alta performance com quatro cursos de Gest\u00e3o, totalmente gr\u00e1tis! \ud83d\ude80 Aproveite esta oportunidade para crescer rapidamente e direcionar sua carreira de forma eficaz.<\/p>\n\n\n\n<h3 class=\"wp-block-heading\">Trilha Estrat\u00e9gica:<\/h3>\n\n\n\n<p>Conhe\u00e7a os cursos dispon\u00edveis na trilha estrat\u00e9gica de alta performance: Gerenciamento de Processos de Neg\u00f3cios, Economia e Mercado, Comercializa\u00e7\u00e3o, Mercado Futuro e Forma\u00e7\u00e3o de Pre\u00e7o, e Neurobusiness e Gest\u00e3o Voltada ao Resultado. Amplie sua vis\u00e3o profissional enquanto se capacita com uma p\u00f3s-gradua\u00e7\u00e3o da UniCesumar.<\/p>\n\n\n\n<div class=\"wp-block-buttons is-layout-flex wp-block-buttons-is-layout-flex\">\n<div class=\"wp-block-button\"><a class=\"wp-block-button__link has-vivid-red-background-color has-background wp-element-button\" href=\"https:\/\/inscricoes.unicesumar.edu.br\/pos-graduacao\/\">Clique aqui para conhecer<\/a><\/div>\n<\/div>\n\n\n\n<figure class=\"wp-block-image size-full\"><img loading=\"lazy\" decoding=\"async\" width=\"576\" height=\"720\" src=\"https:\/\/senalbamg.org.br\/wp-content\/uploads\/2025\/06\/Unicesumar-panfleto-01-2-1.jpg\" alt=\"\" class=\"wp-image-2083\" srcset=\"https:\/\/senalbamg.org.br\/wp-content\/uploads\/2025\/06\/Unicesumar-panfleto-01-2-1.jpg 576w, https:\/\/senalbamg.org.br\/wp-content\/uploads\/2025\/06\/Unicesumar-panfleto-01-2-1-240x300.jpg 240w\" sizes=\"auto, (max-width: 576px) 100vw, 576px\" \/><\/figure>\n","protected":false},"excerpt":{"rendered":"<p>Descontos exclusivos na Unicesumar para Hibrido e online. Gradua\u00e7\u00e3o: Descubra seu desconto exclusivo na gradua\u00e7\u00e3o<\/p>\n","protected":false},"author":6,"featured_media":0,"parent":2008,"menu_order":0,"comment_status":"closed","ping_status":"closed","template":"","meta":{"footnotes":""},"class_list":["post-2082","page","type-page","status-publish","hentry"],"yoast_head":"<!-- This site is optimized with the Yoast SEO plugin v25.1 - https:\/\/yoast.com\/wordpress\/plugins\/seo\/ -->\n<title>Unicesumar - SENALBAMG<\/title>\n<meta name=\"robots\" content=\"index, follow, max-snippet:-1, max-image-preview:large, max-video-preview:-1\" \/>\n<link rel=\"canonical\" href=\"https:\/\/senalbamg.org.br\/index.php\/convenios-2\/unicesumar\/\" \/>\n<meta property=\"og:locale\" content=\"pt_PT\" \/>\n<meta property=\"og:type\" content=\"article\" \/>\n<meta property=\"og:title\" content=\"Unicesumar - SENALBAMG\" \/>\n<meta property=\"og:description\" content=\"Descontos exclusivos na Unicesumar para Hibrido e online. Gradua\u00e7\u00e3o: Descubra seu desconto exclusivo na gradua\u00e7\u00e3o\" \/>\n<meta property=\"og:url\" content=\"https:\/\/senalbamg.org.br\/index.php\/convenios-2\/unicesumar\/\" \/>\n<meta property=\"og:site_name\" content=\"SENALBAMG\" \/>\n<meta property=\"article:modified_time\" content=\"2025-06-27T13:48:22+00:00\" \/>\n<meta property=\"og:image\" content=\"https:\/\/senalbamg.org.br\/wp-content\/uploads\/2025\/06\/Unicesumar-panfleto-01-2-1.jpg\" \/>\n\t<meta property=\"og:image:width\" content=\"576\" \/>\n\t<meta property=\"og:image:height\" content=\"720\" \/>\n\t<meta property=\"og:image:type\" content=\"image\/jpeg\" \/>\n<meta name=\"twitter:card\" content=\"summary_large_image\" \/>\n<meta name=\"twitter:label1\" content=\"Tempo estimado de leitura\" \/>\n\t<meta name=\"twitter:data1\" content=\"1 minuto\" \/>\n<script type=\"application\/ld+json\" class=\"yoast-schema-graph\">{\"@context\":\"https:\/\/schema.org\",\"@graph\":[{\"@type\":\"WebPage\",\"@id\":\"https:\/\/senalbamg.org.br\/index.php\/convenios-2\/unicesumar\/\",\"url\":\"https:\/\/senalbamg.org.br\/index.php\/convenios-2\/unicesumar\/\",\"name\":\"Unicesumar - SENALBAMG\",\"isPartOf\":{\"@id\":\"https:\/\/senalbamg.org.br\/#website\"},\"primaryImageOfPage\":{\"@id\":\"https:\/\/senalbamg.org.br\/index.php\/convenios-2\/unicesumar\/#primaryimage\"},\"image\":{\"@id\":\"https:\/\/senalbamg.org.br\/index.php\/convenios-2\/unicesumar\/#primaryimage\"},\"thumbnailUrl\":\"https:\/\/senalbamg.org.br\/wp-content\/uploads\/2025\/06\/Unicesumar-panfleto-01-2-1.jpg\",\"datePublished\":\"2025-06-26T18:14:39+00:00\",\"dateModified\":\"2025-06-27T13:48:22+00:00\",\"breadcrumb\":{\"@id\":\"https:\/\/senalbamg.org.br\/index.php\/convenios-2\/unicesumar\/#breadcrumb\"},\"inLanguage\":\"pt-PT\",\"potentialAction\":[{\"@type\":\"ReadAction\",\"target\":[\"https:\/\/senalbamg.org.br\/index.php\/convenios-2\/unicesumar\/\"]}]},{\"@type\":\"ImageObject\",\"inLanguage\":\"pt-PT\",\"@id\":\"https:\/\/senalbamg.org.br\/index.php\/convenios-2\/unicesumar\/#primaryimage\",\"url\":\"https:\/\/senalbamg.org.br\/wp-content\/uploads\/2025\/06\/Unicesumar-panfleto-01-2-1.jpg\",\"contentUrl\":\"https:\/\/senalbamg.org.br\/wp-content\/uploads\/2025\/06\/Unicesumar-panfleto-01-2-1.jpg\",\"width\":576,\"height\":720},{\"@type\":\"BreadcrumbList\",\"@id\":\"https:\/\/senalbamg.org.br\/index.php\/convenios-2\/unicesumar\/#breadcrumb\",\"itemListElement\":[{\"@type\":\"ListItem\",\"position\":1,\"name\":\"In\u00edcio\",\"item\":\"https:\/\/senalbamg.org.br\/\"},{\"@type\":\"ListItem\",\"position\":2,\"name\":\"Conv\u00eanios\",\"item\":\"https:\/\/senalbamg.org.br\/index.php\/convenios-2\/\"},{\"@type\":\"ListItem\",\"position\":3,\"name\":\"Unicesumar\"}]},{\"@type\":\"WebSite\",\"@id\":\"https:\/\/senalbamg.org.br\/#website\",\"url\":\"https:\/\/senalbamg.org.br\/\",\"name\":\"SENALBAMG\",\"description\":\"Fortale\u00e7a seu sindicato!\",\"publisher\":{\"@id\":\"https:\/\/senalbamg.org.br\/#organization\"},\"potentialAction\":[{\"@type\":\"SearchAction\",\"target\":{\"@type\":\"EntryPoint\",\"urlTemplate\":\"https:\/\/senalbamg.org.br\/?s={search_term_string}\"},\"query-input\":{\"@type\":\"PropertyValueSpecification\",\"valueRequired\":true,\"valueName\":\"search_term_string\"}}],\"inLanguage\":\"pt-PT\"},{\"@type\":\"Organization\",\"@id\":\"https:\/\/senalbamg.org.br\/#organization\",\"name\":\"SENALBAMG\",\"url\":\"https:\/\/senalbamg.org.br\/\",\"logo\":{\"@type\":\"ImageObject\",\"inLanguage\":\"pt-PT\",\"@id\":\"https:\/\/senalbamg.org.br\/#\/schema\/logo\/image\/\",\"url\":\"https:\/\/senalbamg.org.br\/wp-content\/uploads\/2025\/05\/Black-White-Letter-MD-Logo-Instagram-Post-Copia-1.jpg\",\"contentUrl\":\"https:\/\/senalbamg.org.br\/wp-content\/uploads\/2025\/05\/Black-White-Letter-MD-Logo-Instagram-Post-Copia-1.jpg\",\"width\":1080,\"height\":504,\"caption\":\"SENALBAMG\"},\"image\":{\"@id\":\"https:\/\/senalbamg.org.br\/#\/schema\/logo\/image\/\"}}]}<\/script>\n<!-- \/ Yoast SEO plugin. -->","yoast_head_json":{"title":"Unicesumar - SENALBAMG","robots":{"index":"index","follow":"follow","max-snippet":"max-snippet:-1","max-image-preview":"max-image-preview:large","max-video-preview":"max-video-preview:-1"},"canonical":"https:\/\/senalbamg.org.br\/index.php\/convenios-2\/unicesumar\/","og_locale":"pt_PT","og_type":"article","og_title":"Unicesumar - SENALBAMG","og_description":"Descontos exclusivos na Unicesumar para Hibrido e online. Gradua\u00e7\u00e3o: Descubra seu desconto exclusivo na gradua\u00e7\u00e3o","og_url":"https:\/\/senalbamg.org.br\/index.php\/convenios-2\/unicesumar\/","og_site_name":"SENALBAMG","article_modified_time":"2025-06-27T13:48:22+00:00","og_image":[{"width":576,"height":720,"url":"https:\/\/senalbamg.org.br\/wp-content\/uploads\/2025\/06\/Unicesumar-panfleto-01-2-1.jpg","type":"image\/jpeg"}],"twitter_card":"summary_large_image","twitter_misc":{"Tempo estimado de leitura":"1 minuto"},"schema":{"@context":"https:\/\/schema.org","@graph":[{"@type":"WebPage","@id":"https:\/\/senalbamg.org.br\/index.php\/convenios-2\/unicesumar\/","url":"https:\/\/senalbamg.org.br\/index.php\/convenios-2\/unicesumar\/","name":"Unicesumar - SENALBAMG","isPartOf":{"@id":"https:\/\/senalbamg.org.br\/#website"},"primaryImageOfPage":{"@id":"https:\/\/senalbamg.org.br\/index.php\/convenios-2\/unicesumar\/#primaryimage"},"image":{"@id":"https:\/\/senalbamg.org.br\/index.php\/convenios-2\/unicesumar\/#primaryimage"},"thumbnailUrl":"https:\/\/senalbamg.org.br\/wp-content\/uploads\/2025\/06\/Unicesumar-panfleto-01-2-1.jpg","datePublished":"2025-06-26T18:14:39+00:00","dateModified":"2025-06-27T13:48:22+00:00","breadcrumb":{"@id":"https:\/\/senalbamg.org.br\/index.php\/convenios-2\/unicesumar\/#breadcrumb"},"inLanguage":"pt-PT","potentialAction":[{"@type":"ReadAction","target":["https:\/\/senalbamg.org.br\/index.php\/convenios-2\/unicesumar\/"]}]},{"@type":"ImageObject","inLanguage":"pt-PT","@id":"https:\/\/senalbamg.org.br\/index.php\/convenios-2\/unicesumar\/#primaryimage","url":"https:\/\/senalbamg.org.br\/wp-content\/uploads\/2025\/06\/Unicesumar-panfleto-01-2-1.jpg","contentUrl":"https:\/\/senalbamg.org.br\/wp-content\/uploads\/2025\/06\/Unicesumar-panfleto-01-2-1.jpg","width":576,"height":720},{"@type":"BreadcrumbList","@id":"https:\/\/senalbamg.org.br\/index.php\/convenios-2\/unicesumar\/#breadcrumb","itemListElement":[{"@type":"ListItem","position":1,"name":"In\u00edcio","item":"https:\/\/senalbamg.org.br\/"},{"@type":"ListItem","position":2,"name":"Conv\u00eanios","item":"https:\/\/senalbamg.org.br\/index.php\/convenios-2\/"},{"@type":"ListItem","position":3,"name":"Unicesumar"}]},{"@type":"WebSite","@id":"https:\/\/senalbamg.org.br\/#website","url":"https:\/\/senalbamg.org.br\/","name":"SENALBAMG","description":"Fortale\u00e7a seu sindicato!","publisher":{"@id":"https:\/\/senalbamg.org.br\/#organization"},"potentialAction":[{"@type":"SearchAction","target":{"@type":"EntryPoint","urlTemplate":"https:\/\/senalbamg.org.br\/?s={search_term_string}"},"query-input":{"@type":"PropertyValueSpecification","valueRequired":true,"valueName":"search_term_string"}}],"inLanguage":"pt-PT"},{"@type":"Organization","@id":"https:\/\/senalbamg.org.br\/#organization","name":"SENALBAMG","url":"https:\/\/senalbamg.org.br\/","logo":{"@type":"ImageObject","inLanguage":"pt-PT","@id":"https:\/\/senalbamg.org.br\/#\/schema\/logo\/image\/","url":"https:\/\/senalbamg.org.br\/wp-content\/uploads\/2025\/05\/Black-White-Letter-MD-Logo-Instagram-Post-Copia-1.jpg","contentUrl":"https:\/\/senalbamg.org.br\/wp-content\/uploads\/2025\/05\/Black-White-Letter-MD-Logo-Instagram-Post-Copia-1.jpg","width":1080,"height":504,"caption":"SENALBAMG"},"image":{"@id":"https:\/\/senalbamg.org.br\/#\/schema\/logo\/image\/"}}]}},"_links":{"self":[{"href":"https:\/\/senalbamg.org.br\/index.php\/wp-json\/wp\/v2\/pages\/2082","targetHints":{"allow":["GET"]}}],"collection":[{"href":"https:\/\/senalbamg.org.br\/index.php\/wp-json\/wp\/v2\/pages"}],"about":[{"href":"https:\/\/senalbamg.org.br\/index.php\/wp-json\/wp\/v2\/types\/page"}],"author":[{"embeddable":true,"href":"https:\/\/senalbamg.org.br\/index.php\/wp-json\/wp\/v2\/users\/6"}],"replies":[{"embeddable":true,"href":"https:\/\/senalbamg.org.br\/index.php\/wp-json\/wp\/v2\/comments?post=2082"}],"version-history":[{"count":2,"href":"https:\/\/senalbamg.org.br\/index.php\/wp-json\/wp\/v2\/pages\/2082\/revisions"}],"predecessor-version":[{"id":2086,"href":"https:\/\/senalbamg.org.br\/index.php\/wp-json\/wp\/v2\/pages\/2082\/revisions\/2086"}],"up":[{"embeddable":true,"href":"https:\/\/senalbamg.org.br\/index.php\/wp-json\/wp\/v2\/pages\/2008"}],"wp:attachment":[{"href":"https:\/\/senalbamg.org.br\/index.php\/wp-json\/wp\/v2\/media?parent=2082"}],"curies":[{"name":"wp","href":"https:\/\/api.w.org\/{rel}","templated":true}]}}